{"id":1177,"date":"2026-03-09T21:44:11","date_gmt":"2026-03-10T01:44:11","guid":{"rendered":"https:\/\/factoryintl.com\/?page_id=1177"},"modified":"2026-03-11T16:38:36","modified_gmt":"2026-03-11T20:38:36","slug":"quienes-somos","status":"publish","type":"page","link":"https:\/\/factoryintl.com\/?page_id=1177","title":{"rendered":"\u00bfQui\u00e9nes Somos?"},"content":{"rendered":"\t\t<div data-elementor-type=\"wp-page\" data-elementor-id=\"1177\" class=\"elementor elementor-1177\" data-elementor-post-type=\"page\">\n\t\t\t\t<div class=\"elementor-element elementor-element-f37638a e-con-full elementor-hidden-tablet elementor-hidden-mobile e-flex e-con e-parent\" data-id=\"f37638a\" data-element_type=\"container\" data-settings=\"{&quot;background_background&quot;:&quot;slideshow&quot;,&quot;background_slideshow_gallery&quot;:[{&quot;id&quot;:1179,&quot;url&quot;:&quot;https:\\\/\\\/factoryintl.com\\\/wp-content\\\/uploads\\\/2026\\\/03\\\/B1-QUIENES-SOMOS.webp&quot;}],&quot;background_slideshow_loop&quot;:&quot;yes&quot;,&quot;background_slideshow_slide_duration&quot;:5000,&quot;background_slideshow_slide_transition&quot;:&quot;fade&quot;,&quot;background_slideshow_transition_duration&quot;:500}\">\n\t\t<div class=\"elementor-element elementor-element-e53d2d2 e-flex e-con-boxed e-con e-child\" data-id=\"e53d2d2\" data-element_type=\"container\">\n\t\t\t\t\t<div class=\"e-con-inner\">\n\t\t\t\t<div class=\"elementor-element elementor-element-c96057e elementor-widget elementor-widget-heading\" data-id=\"c96057e\" data-element_type=\"widget\" data-widget_type=\"heading.default\">\n\t\t\t\t<div class=\"elementor-widget-container\">\n\t\t\t\t\t<h2 class=\"elementor-heading-title elementor-size-default\">\u00bfQui\u00e9nes Somos?<\/h2>\t\t\t\t<\/div>\n\t\t\t\t<\/div>\n\t\t\t\t<div class=\"elementor-element elementor-element-869fa9a elementor-widget elementor-widget-text-editor\" data-id=\"869fa9a\" data-element_type=\"widget\" data-widget_type=\"text-editor.default\">\n\t\t\t\t<div class=\"elementor-widget-container\">\n\t\t\t\t\t\t\t\t\t<p>Lo que nos define no es solo lo que hacemos, sino c\u00f3mo lo hacemos. Somos una organizaci\u00f3n que respira innovaci\u00f3n, respaldada por un equipo t\u00e9cnico de primer nivel y una infraestructura dise\u00f1ada para la excelencia.<\/p>\t\t\t\t\t\t\t\t<\/div>\n\t\t\t\t<\/div>\n\t\t\t\t\t<\/div>\n\t\t\t\t<\/div>\n\t\t\t\t<\/div>\n\t\t<div class=\"elementor-element elementor-element-669d3c8 e-flex e-con-boxed e-con e-parent\" data-id=\"669d3c8\" data-element_type=\"container\" data-settings=\"{&quot;background_background&quot;:&quot;gradient&quot;}\">\n\t\t\t\t\t<div class=\"e-con-inner\">\n\t\t<div class=\"elementor-element elementor-element-8a85202 e-con-full e-flex e-con e-child\" data-id=\"8a85202\" data-element_type=\"container\">\n\t\t\t\t<div class=\"elementor-element elementor-element-78d9912 elementor-widget__width-inherit elementor-widget-divider--view-line elementor-invisible elementor-widget elementor-widget-divider\" data-id=\"78d9912\" data-element_type=\"widget\" data-settings=\"{&quot;_animation&quot;:&quot;fadeInLeft&quot;}\" data-widget_type=\"divider.default\">\n\t\t\t\t<div class=\"elementor-widget-container\">\n\t\t\t\t\t\t\t<div class=\"elementor-divider\">\n\t\t\t<span class=\"elementor-divider-separator\">\n\t\t\t\t\t\t<\/span>\n\t\t<\/div>\n\t\t\t\t\t\t<\/div>\n\t\t\t\t<\/div>\n\t\t\t\t<div class=\"elementor-element elementor-element-2e159d8 elementor-widget__width-initial elementor-widget-tablet__width-inherit elementor-widget elementor-widget-heading\" data-id=\"2e159d8\" data-element_type=\"widget\" data-widget_type=\"heading.default\">\n\t\t\t\t<div class=\"elementor-widget-container\">\n\t\t\t\t\t<h2 class=\"elementor-heading-title elementor-size-default\">Fundada en <b data-path-to-node=\"4\" data-index-in-node=\"11\">2017<\/b><\/h2>\t\t\t\t<\/div>\n\t\t\t\t<\/div>\n\t\t\t\t<div class=\"elementor-element elementor-element-b69a9f6 elementor-widget__width-initial elementor-widget-tablet__width-inherit elementor-widget elementor-widget-text-editor\" data-id=\"b69a9f6\" data-element_type=\"widget\" data-widget_type=\"text-editor.default\">\n\t\t\t\t<div class=\"elementor-widget-container\">\n\t\t\t\t\t\t\t\t\t<p>Desde nuestra planta matriz en <b data-path-to-node=\"4\" data-index-in-node=\"176\">Guarenas, Estado Miranda<\/b>, desarrollamos, fabricamos y exportamos soluciones capilares de alta gama que hoy compiten en los mercados m\u00e1s exigentes del mundo. Factory Cosmetics 3DG, C.A. naci\u00f3 con una misi\u00f3n disruptiva: elevar el est\u00e1ndar de la industria qu\u00edmico-cosm\u00e9tica en Venezuela.<\/p>\t\t\t\t\t\t\t\t<\/div>\n\t\t\t\t<\/div>\n\t\t\t\t<\/div>\n\t\t\t\t\t<\/div>\n\t\t\t\t<\/div>\n\t\t<div class=\"elementor-element elementor-element-1091fb6 e-flex e-con-boxed e-con e-parent\" data-id=\"1091fb6\" data-element_type=\"container\">\n\t\t\t\t\t<div class=\"e-con-inner\">\n\t\t<div class=\"elementor-element elementor-element-4623e08 e-con-full e-flex e-con e-child\" data-id=\"4623e08\" data-element_type=\"container\">\n\t\t\t\t<div class=\"elementor-element elementor-element-4b52a5d elementor-widget elementor-widget-image\" data-id=\"4b52a5d\" data-element_type=\"widget\" data-widget_type=\"image.default\">\n\t\t\t\t<div class=\"elementor-widget-container\">\n\t\t\t\t\t\t\t\t\t\t\t\t\t\t\t<img fetchpriority=\"high\" decoding=\"async\" width=\"2000\" height=\"800\" src=\"https:\/\/factoryintl.com\/wp-content\/uploads\/2026\/03\/B3-QUIENES-SOMOS.webp\" class=\"attachment-full size-full wp-image-1181\" alt=\"\" srcset=\"https:\/\/factoryintl.com\/wp-content\/uploads\/2026\/03\/B3-QUIENES-SOMOS.webp 2000w, https:\/\/factoryintl.com\/wp-content\/uploads\/2026\/03\/B3-QUIENES-SOMOS-1536x614.webp 1536w\" sizes=\"(max-width: 2000px) 100vw, 2000px\" \/>\t\t\t\t\t\t\t\t\t\t\t\t\t\t\t<\/div>\n\t\t\t\t<\/div>\n\t\t\t\t<\/div>\n\t\t<div class=\"elementor-element elementor-element-05835e2 e-con-full e-flex e-con e-child\" data-id=\"05835e2\" data-element_type=\"container\">\n\t\t\t\t<div class=\"elementor-element elementor-element-9a09b2f elementor-widget elementor-widget-image\" data-id=\"9a09b2f\" data-element_type=\"widget\" data-widget_type=\"image.default\">\n\t\t\t\t<div class=\"elementor-widget-container\">\n\t\t\t\t\t\t\t\t\t\t\t\t\t\t\t<img decoding=\"async\" width=\"2000\" height=\"800\" src=\"https:\/\/factoryintl.com\/wp-content\/uploads\/2026\/03\/B2-QUIENES-SOMOS.webp\" class=\"attachment-full size-full wp-image-1180\" alt=\"\" srcset=\"https:\/\/factoryintl.com\/wp-content\/uploads\/2026\/03\/B2-QUIENES-SOMOS.webp 2000w, https:\/\/factoryintl.com\/wp-content\/uploads\/2026\/03\/B2-QUIENES-SOMOS-1536x614.webp 1536w\" sizes=\"(max-width: 2000px) 100vw, 2000px\" \/>\t\t\t\t\t\t\t\t\t\t\t\t\t\t\t<\/div>\n\t\t\t\t<\/div>\n\t\t\t\t<\/div>\n\t\t<div class=\"elementor-element elementor-element-c2f7491 e-con-full e-flex e-con e-child\" data-id=\"c2f7491\" data-element_type=\"container\">\n\t\t\t\t<div class=\"elementor-element elementor-element-deff9ea elementor-widget elementor-widget-image\" data-id=\"deff9ea\" data-element_type=\"widget\" data-widget_type=\"image.default\">\n\t\t\t\t<div class=\"elementor-widget-container\">\n\t\t\t\t\t\t\t\t\t\t\t\t\t\t\t<img decoding=\"async\" width=\"2000\" height=\"800\" src=\"https:\/\/factoryintl.com\/wp-content\/uploads\/2026\/03\/B4-QUIENES-SOMOS.webp\" class=\"attachment-full size-full wp-image-1182\" alt=\"\" srcset=\"https:\/\/factoryintl.com\/wp-content\/uploads\/2026\/03\/B4-QUIENES-SOMOS.webp 2000w, https:\/\/factoryintl.com\/wp-content\/uploads\/2026\/03\/B4-QUIENES-SOMOS-1536x614.webp 1536w\" sizes=\"(max-width: 2000px) 100vw, 2000px\" \/>\t\t\t\t\t\t\t\t\t\t\t\t\t\t\t<\/div>\n\t\t\t\t<\/div>\n\t\t\t\t<\/div>\n\t\t\t\t\t<\/div>\n\t\t\t\t<\/div>\n\t\t<div class=\"elementor-element elementor-element-b5857cf e-flex e-con-boxed e-con e-parent\" data-id=\"b5857cf\" data-element_type=\"container\" data-settings=\"{&quot;background_background&quot;:&quot;gradient&quot;}\">\n\t\t\t\t\t<div class=\"e-con-inner\">\n\t\t<div class=\"elementor-element elementor-element-5d33a67 e-con-full e-flex e-con e-child\" data-id=\"5d33a67\" data-element_type=\"container\">\n\t\t\t\t<div class=\"elementor-element elementor-element-9272a8b elementor-widget__width-initial elementor-widget-tablet__width-inherit elementor-widget elementor-widget-heading\" data-id=\"9272a8b\" data-element_type=\"widget\" data-widget_type=\"heading.default\">\n\t\t\t\t<div class=\"elementor-widget-container\">\n\t\t\t\t\t<h2 class=\"elementor-heading-title elementor-size-default\">Liderazgo Formado en la Excelencia<\/h2>\t\t\t\t<\/div>\n\t\t\t\t<\/div>\n\t\t\t\t<div class=\"elementor-element elementor-element-83774ff elementor-widget__width-initial elementor-widget-tablet__width-inherit elementor-widget elementor-widget-text-editor\" data-id=\"83774ff\" data-element_type=\"widget\" data-widget_type=\"text-editor.default\">\n\t\t\t\t<div class=\"elementor-widget-container\">\n\t\t\t\t\t\t\t\t\t<p>Creemos que la gesti\u00f3n de alto impacto requiere una formaci\u00f3n de clase mundial. Por ello, nuestros fundadores y el equipo directivo a la cabeza de Factory provienen de una de las escuelas de negocios m\u00e1s prestigiosas de Latinoam\u00e9rica: el <b data-path-to-node=\"8\" data-index-in-node=\"238\">IESA (Instituto de Estudios Superiores de Administraci\u00f3n)<\/b>.<\/p>\t\t\t\t\t\t\t\t<\/div>\n\t\t\t\t<\/div>\n\t\t\t\t<div class=\"elementor-element elementor-element-38229c8 elementor-widget elementor-widget-image\" data-id=\"38229c8\" data-element_type=\"widget\" data-widget_type=\"image.default\">\n\t\t\t\t<div class=\"elementor-widget-container\">\n\t\t\t\t\t\t\t\t\t\t\t\t\t\t\t<img loading=\"lazy\" decoding=\"async\" width=\"2000\" height=\"800\" src=\"https:\/\/factoryintl.com\/wp-content\/uploads\/2026\/03\/B5-QUIENES-SOMOS.webp\" class=\"attachment-full size-full wp-image-1184\" alt=\"\" srcset=\"https:\/\/factoryintl.com\/wp-content\/uploads\/2026\/03\/B5-QUIENES-SOMOS.webp 2000w, https:\/\/factoryintl.com\/wp-content\/uploads\/2026\/03\/B5-QUIENES-SOMOS-1536x614.webp 1536w\" sizes=\"(max-width: 2000px) 100vw, 2000px\" \/>\t\t\t\t\t\t\t\t\t\t\t\t\t\t\t<\/div>\n\t\t\t\t<\/div>\n\t\t\t\t<div class=\"elementor-element elementor-element-604843b elementor-widget__width-initial elementor-widget elementor-widget-image\" data-id=\"604843b\" data-element_type=\"widget\" data-widget_type=\"image.default\">\n\t\t\t\t<div class=\"elementor-widget-container\">\n\t\t\t\t\t\t\t\t\t\t\t\t\t\t\t<img loading=\"lazy\" decoding=\"async\" width=\"2000\" height=\"252\" src=\"https:\/\/factoryintl.com\/wp-content\/uploads\/2026\/03\/B6-QUIENES-SOMOS.webp\" class=\"attachment-full size-full wp-image-1185\" alt=\"\" srcset=\"https:\/\/factoryintl.com\/wp-content\/uploads\/2026\/03\/B6-QUIENES-SOMOS.webp 2000w, https:\/\/factoryintl.com\/wp-content\/uploads\/2026\/03\/B6-QUIENES-SOMOS-1536x194.webp 1536w\" sizes=\"(max-width: 2000px) 100vw, 2000px\" \/>\t\t\t\t\t\t\t\t\t\t\t\t\t\t\t<\/div>\n\t\t\t\t<\/div>\n\t\t\t\t<div class=\"elementor-element elementor-element-c2646c9 elementor-widget__width-initial elementor-widget-tablet__width-inherit elementor-widget elementor-widget-text-editor\" data-id=\"c2646c9\" data-element_type=\"widget\" data-widget_type=\"text-editor.default\">\n\t\t\t\t<div class=\"elementor-widget-container\">\n\t\t\t\t\t\t\t\t\t<p>Esta herencia acad\u00e9mica nos permite dirigir la empresa con una visi\u00f3n estrat\u00e9gica, \u00e9tica y resiliente, transformando desaf\u00edos en oportunidades de crecimiento y garantizando una operatividad s\u00f3lida que inspira confianza en nuestros aliados globales.<\/p>\t\t\t\t\t\t\t\t<\/div>\n\t\t\t\t<\/div>\n\t\t\t\t<\/div>\n\t\t\t\t\t<\/div>\n\t\t\t\t<\/div>\n\t\t<div class=\"elementor-element elementor-element-4c5d2cd e-con-full e-flex e-con e-parent\" data-id=\"4c5d2cd\" data-element_type=\"container\">\n\t\t\t\t<div class=\"elementor-element elementor-element-39650fc elementor-widget elementor-widget-image\" data-id=\"39650fc\" data-element_type=\"widget\" data-widget_type=\"image.default\">\n\t\t\t\t<div class=\"elementor-widget-container\">\n\t\t\t\t\t\t\t\t\t\t\t\t\t\t\t<img loading=\"lazy\" decoding=\"async\" width=\"2000\" height=\"800\" src=\"https:\/\/factoryintl.com\/wp-content\/uploads\/2026\/03\/B8-QUIENES-SOMOS.webp\" class=\"attachment-full size-full wp-image-1187\" alt=\"\" srcset=\"https:\/\/factoryintl.com\/wp-content\/uploads\/2026\/03\/B8-QUIENES-SOMOS.webp 2000w, https:\/\/factoryintl.com\/wp-content\/uploads\/2026\/03\/B8-QUIENES-SOMOS-1536x614.webp 1536w\" sizes=\"(max-width: 2000px) 100vw, 2000px\" \/>\t\t\t\t\t\t\t\t\t\t\t\t\t\t\t<\/div>\n\t\t\t\t<\/div>\n\t\t\t\t<\/div>\n\t\t<div class=\"elementor-element elementor-element-17a87388 e-flex e-con-boxed e-con e-parent\" data-id=\"17a87388\" data-element_type=\"container\" data-settings=\"{&quot;background_background&quot;:&quot;gradient&quot;}\">\n\t\t\t\t\t<div class=\"e-con-inner\">\n\t\t<div class=\"elementor-element elementor-element-7723c92b e-con-full e-flex e-con e-child\" data-id=\"7723c92b\" data-element_type=\"container\">\n\t\t\t\t<div class=\"elementor-element elementor-element-5392a0c2 elementor-widget-divider--view-line elementor-invisible elementor-widget elementor-widget-divider\" data-id=\"5392a0c2\" data-element_type=\"widget\" data-settings=\"{&quot;_animation&quot;:&quot;fadeInLeft&quot;}\" data-widget_type=\"divider.default\">\n\t\t\t\t<div class=\"elementor-widget-container\">\n\t\t\t\t\t\t\t<div class=\"elementor-divider\">\n\t\t\t<span class=\"elementor-divider-separator\">\n\t\t\t\t\t\t<\/span>\n\t\t<\/div>\n\t\t\t\t\t\t<\/div>\n\t\t\t\t<\/div>\n\t\t\t\t<div class=\"elementor-element elementor-element-b286871 elementor-widget elementor-widget-heading\" data-id=\"b286871\" data-element_type=\"widget\" data-widget_type=\"heading.default\">\n\t\t\t\t<div class=\"elementor-widget-container\">\n\t\t\t\t\t<h2 class=\"elementor-heading-title elementor-size-default\"><b data-path-to-node=\"13,0,0\" data-index-in-node=\"0\">N\u00b0 1 en Cirug\u00edas Capilares: <\/b>Pioneros y l\u00edderes absolutos en la categor\u00eda que revolucion\u00f3 el cuidado profesional.<\/h2>\t\t\t\t<\/div>\n\t\t\t\t<\/div>\n\t\t\t\t<div class=\"elementor-element elementor-element-51703f07 elementor-widget__width-inherit elementor-invisible elementor-widget elementor-widget-image\" data-id=\"51703f07\" data-element_type=\"widget\" data-settings=\"{&quot;_animation&quot;:&quot;fadeIn&quot;}\" data-widget_type=\"image.default\">\n\t\t\t\t<div class=\"elementor-widget-container\">\n\t\t\t\t\t\t\t\t\t\t\t\t\t\t\t<img loading=\"lazy\" decoding=\"async\" width=\"2000\" height=\"800\" src=\"https:\/\/factoryintl.com\/wp-content\/uploads\/2026\/03\/BANNER-WEB-NUEVA-CIRUGIA-COLAGENO-1.webp\" class=\"attachment-full size-full wp-image-1193\" alt=\"\" srcset=\"https:\/\/factoryintl.com\/wp-content\/uploads\/2026\/03\/BANNER-WEB-NUEVA-CIRUGIA-COLAGENO-1.webp 2000w, https:\/\/factoryintl.com\/wp-content\/uploads\/2026\/03\/BANNER-WEB-NUEVA-CIRUGIA-COLAGENO-1-1536x614.webp 1536w\" sizes=\"(max-width: 2000px) 100vw, 2000px\" \/>\t\t\t\t\t\t\t\t\t\t\t\t\t\t\t<\/div>\n\t\t\t\t<\/div>\n\t\t\t\t<\/div>\n\t\t<div class=\"elementor-element elementor-element-2a3d32f4 e-con-full e-flex e-con e-child\" data-id=\"2a3d32f4\" data-element_type=\"container\">\n\t\t\t\t<div class=\"elementor-element elementor-element-4149a9b1 elementor-widget__width-initial elementor-invisible elementor-widget elementor-widget-image\" data-id=\"4149a9b1\" data-element_type=\"widget\" data-settings=\"{&quot;_animation&quot;:&quot;fadeInDown&quot;,&quot;_animation_tablet&quot;:&quot;fadeInLeft&quot;}\" data-widget_type=\"image.default\">\n\t\t\t\t<div class=\"elementor-widget-container\">\n\t\t\t\t\t\t\t\t\t\t\t\t\t\t\t<img loading=\"lazy\" decoding=\"async\" width=\"2000\" height=\"800\" src=\"https:\/\/factoryintl.com\/wp-content\/uploads\/2026\/03\/Banner-Coverage-Color-Web-2025.jpg\" class=\"attachment-full size-full wp-image-1195\" alt=\"\" srcset=\"https:\/\/factoryintl.com\/wp-content\/uploads\/2026\/03\/Banner-Coverage-Color-Web-2025.jpg 2000w, https:\/\/factoryintl.com\/wp-content\/uploads\/2026\/03\/Banner-Coverage-Color-Web-2025-1536x614.jpg 1536w\" sizes=\"(max-width: 2000px) 100vw, 2000px\" \/>\t\t\t\t\t\t\t\t\t\t\t\t\t\t\t<\/div>\n\t\t\t\t<\/div>\n\t\t\t\t<div class=\"elementor-element elementor-element-3c3c4c8 elementor-widget elementor-widget-heading\" data-id=\"3c3c4c8\" data-element_type=\"widget\" data-widget_type=\"heading.default\">\n\t\t\t\t<div class=\"elementor-widget-container\">\n\t\t\t\t\t<h2 class=\"elementor-heading-title elementor-size-default\"><b>L\u00edderes en ventas en unidades de Tintes:<\/b> La opci\u00f3n preferida por los expertos y el p\u00fablico general.\n\n<\/h2>\t\t\t\t<\/div>\n\t\t\t\t<\/div>\n\t\t\t\t<\/div>\n\t\t\t\t\t<\/div>\n\t\t\t\t<\/div>\n\t\t<div class=\"elementor-element elementor-element-b2d2cab e-flex e-con-boxed e-con e-parent\" data-id=\"b2d2cab\" data-element_type=\"container\">\n\t\t\t\t\t<div class=\"e-con-inner\">\n\t\t\t\t<div class=\"elementor-element elementor-element-35361a6 elementor-widget elementor-widget-video\" data-id=\"35361a6\" data-element_type=\"widget\" data-settings=\"{&quot;video_type&quot;:&quot;hosted&quot;,&quot;autoplay&quot;:&quot;yes&quot;,&quot;play_on_mobile&quot;:&quot;yes&quot;,&quot;mute&quot;:&quot;yes&quot;,&quot;loop&quot;:&quot;yes&quot;}\" data-widget_type=\"video.default\">\n\t\t\t\t<div class=\"elementor-widget-container\">\n\t\t\t\t\t\t\t<div class=\"e-hosted-video elementor-wrapper elementor-open-inline\">\n\t\t\t\t\t<video class=\"elementor-video\" src=\"https:\/\/factoryintl.com\/wp-content\/uploads\/2026\/03\/B9-QUIENES-SOMOS.mp4\" autoplay=\"\" loop=\"\" muted=\"muted\" playsinline=\"\" controlsList=\"nodownload\"><\/video>\n\t\t\t\t<\/div>\n\t\t\t\t\t\t<\/div>\n\t\t\t\t<\/div>\n\t\t\t\t<div class=\"elementor-element elementor-element-edf70f2 elementor-widget__width-initial elementor-widget-tablet__width-inherit elementor-widget elementor-widget-text-editor\" data-id=\"edf70f2\" data-element_type=\"widget\" data-widget_type=\"text-editor.default\">\n\t\t\t\t<div class=\"elementor-widget-container\">\n\t\t\t\t\t\t\t\t\t<p>Para sostener este liderazgo a escala internacional, contamos con un <b data-path-to-node=\"14\" data-index-in-node=\"69\">Centro de Distribuci\u00f3n Internacional en Miami, Florida<\/b>, el hub estrat\u00e9gico desde donde gestionamos la log\u00edstica para las <b data-path-to-node=\"14\" data-index-in-node=\"190\">Am\u00e9ricas y Europa<\/b>, llevando la calidad de Factory a cada rinc\u00f3n del planeta.<\/p>\t\t\t\t\t\t\t\t<\/div>\n\t\t\t\t<\/div>\n\t\t\t\t\t<\/div>\n\t\t\t\t<\/div>\n\t\t<div class=\"elementor-element elementor-element-0285042 e-flex e-con-boxed e-con e-parent\" data-id=\"0285042\" data-element_type=\"container\" data-settings=\"{&quot;background_background&quot;:&quot;classic&quot;}\">\n\t\t\t\t\t<div class=\"e-con-inner\">\n\t\t<div class=\"elementor-element elementor-element-616d253 e-con-full e-flex e-con e-child\" data-id=\"616d253\" data-element_type=\"container\">\n\t\t\t\t<div class=\"elementor-element elementor-element-75a8d30 elementor-widget elementor-widget-image\" data-id=\"75a8d30\" data-element_type=\"widget\" data-widget_type=\"image.default\">\n\t\t\t\t<div class=\"elementor-widget-container\">\n\t\t\t\t\t\t\t\t\t\t\t\t\t\t\t<img loading=\"lazy\" decoding=\"async\" width=\"1024\" height=\"1024\" src=\"https:\/\/factoryintl.com\/wp-content\/uploads\/2026\/03\/B10-QUIENES-SOMOS-1-1024x1024.webp\" class=\"attachment-large size-large wp-image-1216\" alt=\"\" srcset=\"https:\/\/factoryintl.com\/wp-content\/uploads\/2026\/03\/B10-QUIENES-SOMOS-1-1024x1024.webp 1024w, https:\/\/factoryintl.com\/wp-content\/uploads\/2026\/03\/B10-QUIENES-SOMOS-1-300x300.webp 300w, https:\/\/factoryintl.com\/wp-content\/uploads\/2026\/03\/B10-QUIENES-SOMOS-1-150x150.webp 150w, https:\/\/factoryintl.com\/wp-content\/uploads\/2026\/03\/B10-QUIENES-SOMOS-1-768x768.webp 768w, https:\/\/factoryintl.com\/wp-content\/uploads\/2026\/03\/B10-QUIENES-SOMOS-1.webp 1080w\" sizes=\"(max-width: 1024px) 100vw, 1024px\" \/>\t\t\t\t\t\t\t\t\t\t\t\t\t\t\t<\/div>\n\t\t\t\t<\/div>\n\t\t\t\t<\/div>\n\t\t<div class=\"elementor-element elementor-element-18b0d68 e-con-full e-flex e-con e-child\" data-id=\"18b0d68\" data-element_type=\"container\">\n\t\t\t\t<div class=\"elementor-element elementor-element-5785ea5 elementor-widget elementor-widget-heading\" data-id=\"5785ea5\" data-element_type=\"widget\" data-widget_type=\"heading.default\">\n\t\t\t\t<div class=\"elementor-widget-container\">\n\t\t\t\t\t<h2 class=\"elementor-heading-title elementor-size-default\">Emprendedores del A\u00f1o 2024<\/h2>\t\t\t\t<\/div>\n\t\t\t\t<\/div>\n\t\t\t\t<div class=\"elementor-element elementor-element-f23eabd elementor-widget elementor-widget-text-editor\" data-id=\"f23eabd\" data-element_type=\"widget\" data-widget_type=\"text-editor.default\">\n\t\t\t\t<div class=\"elementor-widget-container\">\n\t\t\t\t\t\t\t\t\t<p>En 2024, nuestra trayectoria de innovaci\u00f3n y resiliencia fue galardonada con el prestigioso Premio LEI (L\u00edderes Emprendedores e Innovadores), otorgado por EY (Ernst &amp; Young) Venezuela.<\/p><p>Ser reconocidos como <b data-path-to-node=\"18\" data-index-in-node=\"21\">\u00abEmprendedores del A\u00f1o\u00bb<\/b> refuerza nuestro compromiso con la excelencia operativa y nuestra visi\u00f3n de ser un motor de desarrollo e innovaci\u00f3n constante en la regi\u00f3n.\u00a0<\/p>\t\t\t\t\t\t\t\t<\/div>\n\t\t\t\t<\/div>\n\t\t\t\t<\/div>\n\t\t\t\t\t<\/div>\n\t\t\t\t<\/div>\n\t\t<div class=\"elementor-element elementor-element-a463e5b e-flex e-con-boxed e-con e-parent\" data-id=\"a463e5b\" data-element_type=\"container\" data-settings=\"{&quot;background_background&quot;:&quot;gradient&quot;}\">\n\t\t\t\t\t<div class=\"e-con-inner\">\n\t\t<div class=\"elementor-element elementor-element-9e6d3ca e-con-full e-flex e-con e-child\" data-id=\"9e6d3ca\" data-element_type=\"container\">\n\t\t\t\t<div class=\"elementor-element elementor-element-eaf6eed elementor-widget__width-inherit elementor-widget-divider--view-line elementor-invisible elementor-widget elementor-widget-divider\" data-id=\"eaf6eed\" data-element_type=\"widget\" data-settings=\"{&quot;_animation&quot;:&quot;fadeInLeft&quot;}\" data-widget_type=\"divider.default\">\n\t\t\t\t<div class=\"elementor-widget-container\">\n\t\t\t\t\t\t\t<div class=\"elementor-divider\">\n\t\t\t<span class=\"elementor-divider-separator\">\n\t\t\t\t\t\t<\/span>\n\t\t<\/div>\n\t\t\t\t\t\t<\/div>\n\t\t\t\t<\/div>\n\t\t\t\t<div class=\"elementor-element elementor-element-e950136 elementor-widget__width-initial elementor-widget-tablet__width-inherit elementor-widget elementor-widget-heading\" data-id=\"e950136\" data-element_type=\"widget\" data-widget_type=\"heading.default\">\n\t\t\t\t<div class=\"elementor-widget-container\">\n\t\t\t\t\t<h2 class=\"elementor-heading-title elementor-size-default\">La ciencia de Factory Cosmetics 3DG encuentra su vitrina m\u00e1s brillante en la pasarela m\u00e1s importante del pa\u00eds.<br>Como <b data-path-to-node=\"21\" data-index-in-node=\"116\">Patrocinantes Oficiales del Miss Venezuela<\/b><\/h2>\t\t\t\t<\/div>\n\t\t\t\t<\/div>\n\t\t\t\t<div class=\"elementor-element elementor-element-a99ff0c elementor-widget elementor-widget-image\" data-id=\"a99ff0c\" data-element_type=\"widget\" data-widget_type=\"image.default\">\n\t\t\t\t<div class=\"elementor-widget-container\">\n\t\t\t\t\t\t\t\t\t\t\t\t\t\t\t<img loading=\"lazy\" decoding=\"async\" width=\"2000\" height=\"800\" src=\"https:\/\/factoryintl.com\/wp-content\/uploads\/2026\/03\/B11-QUIENES-SOMOS.webp\" class=\"attachment-full size-full wp-image-1218\" alt=\"\" srcset=\"https:\/\/factoryintl.com\/wp-content\/uploads\/2026\/03\/B11-QUIENES-SOMOS.webp 2000w, https:\/\/factoryintl.com\/wp-content\/uploads\/2026\/03\/B11-QUIENES-SOMOS-1536x614.webp 1536w\" sizes=\"(max-width: 2000px) 100vw, 2000px\" \/>\t\t\t\t\t\t\t\t\t\t\t\t\t\t\t<\/div>\n\t\t\t\t<\/div>\n\t\t\t\t<div class=\"elementor-element elementor-element-e62a67c elementor-widget__width-initial elementor-widget-tablet__width-inherit elementor-widget elementor-widget-text-editor\" data-id=\"e62a67c\" data-element_type=\"widget\" data-widget_type=\"text-editor.default\">\n\t\t\t\t<div class=\"elementor-widget-container\">\n\t\t\t\t\t\t\t\t\t<p data-path-to-node=\"21\">Nuestras marcas tienen la responsabilidad de cuidar y potenciar la imagen de las embajadoras de la belleza venezolana.<\/p><p data-path-to-node=\"22\">Esta alianza estrat\u00e9gica une la disciplina y el prestigio del certamen con la tecnolog\u00eda de punta de nuestras f\u00f3rmulas, demostrando que la belleza real siempre va de la mano con la ciencia de vanguardia.<\/p>\t\t\t\t\t\t\t\t<\/div>\n\t\t\t\t<\/div>\n\t\t\t\t<\/div>\n\t\t\t\t\t<\/div>\n\t\t\t\t<\/div>\n\t\t\t\t<\/div>\n\t\t","protected":false},"excerpt":{"rendered":"<p>\u00bfQui\u00e9nes Somos? Lo que nos define no es solo lo que hacemos, sino c\u00f3mo lo hacemos. Somos una organizaci\u00f3n que respira innovaci\u00f3n, respaldada por un equipo t\u00e9cnico de primer nivel y una infraestructura dise\u00f1ada para la excelencia. Fundada en 2017 Desde nuestra planta matriz en Guarenas, Estado Miranda, desarrollamos, fabricamos y exportamos soluciones capilares de&#8230;<\/p>\n","protected":false},"author":1,"featured_media":0,"parent":0,"menu_order":0,"comment_status":"closed","ping_status":"closed","template":"","meta":{"_kadence_starter_templates_imported_post":false,"_kad_post_transparent":"","_kad_post_title":"hide","_kad_post_layout":"fullwidth","_kad_post_sidebar_id":"","_kad_post_content_style":"unboxed","_kad_post_vertical_padding":"hide","_kad_post_feature":"hide","_kad_post_feature_position":"","_kad_post_header":false,"_kad_post_footer":false,"footnotes":""},"class_list":["post-1177","page","type-page","status-publish","hentry"],"jetpack_sharing_enabled":true,"_links":{"self":[{"href":"https:\/\/factoryintl.com\/index.php?rest_route=\/wp\/v2\/pages\/1177","targetHints":{"allow":["GET"]}}],"collection":[{"href":"https:\/\/factoryintl.com\/index.php?rest_route=\/wp\/v2\/pages"}],"about":[{"href":"https:\/\/factoryintl.com\/index.php?rest_route=\/wp\/v2\/types\/page"}],"author":[{"embeddable":true,"href":"https:\/\/factoryintl.com\/index.php?rest_route=\/wp\/v2\/users\/1"}],"replies":[{"embeddable":true,"href":"https:\/\/factoryintl.com\/index.php?rest_route=%2Fwp%2Fv2%2Fcomments&post=1177"}],"version-history":[{"count":16,"href":"https:\/\/factoryintl.com\/index.php?rest_route=\/wp\/v2\/pages\/1177\/revisions"}],"predecessor-version":[{"id":1221,"href":"https:\/\/factoryintl.com\/index.php?rest_route=\/wp\/v2\/pages\/1177\/revisions\/1221"}],"wp:attachment":[{"href":"https:\/\/factoryintl.com\/index.php?rest_route=%2Fwp%2Fv2%2Fmedia&parent=1177"}],"curies":[{"name":"wp","href":"https:\/\/api.w.org\/{rel}","templated":true}]}}